{"id":47606,"date":"2023-01-08T17:51:01","date_gmt":"2023-01-08T14:51:01","guid":{"rendered":"https:\/\/corludahaber.com\/h\/?page_id=47606"},"modified":"2023-02-26T00:39:55","modified_gmt":"2023-02-25T21:39:55","slug":"firma-ekle","status":"publish","type":"page","link":"https:\/\/corludahaber.com\/h\/firma-ekle","title":{"rendered":"Firma Ekle"},"content":{"rendered":"<div class=\"corlu-icerikten-once_3\" id=\"corlu-1300669813\"><script type='text\/javascript' src='https:\/\/platform-api.sharethis.com\/js\/sharethis.js#property=5ce8cf08af7d000012cb0ca1&product=inline-reaction-buttons' async='async'><\/script>\r\n\r\n<\/div>\n                <form class=\"wpuf-form-add wpuf-form-layout3 wpuf-style\" action=\"\" method=\"post\">\n\n\n                   <script type=\"text\/javascript\">\n                        if ( typeof wpuf_conditional_items === 'undefined' ) {\n                            wpuf_conditional_items = [];\n                        }\n\n                        if ( typeof wpuf_plupload_items === 'undefined' ) {\n                            wpuf_plupload_items = [];\n                        }\n\n                        if ( typeof wpuf_map_items === 'undefined' ) {\n                            wpuf_map_items = [];\n                        }\n                    <\/script>\n\n                    <ul class=\"wpuf-form form-label-above\">\n\n                            <li class=\"wpuf-el post_title field-size-large\" data-label=\"Firma \u0130smi \">\n                    <div class=\"wpuf-label\">\n            <label for=\"post_title_47595\">Firma \u0130smi  <span class=\"required\">*<\/span><\/label>\n        <\/div>\n        \n            <div class=\"wpuf-fields\">\n                <input\n                    class=\"textfield wpuf_post_title_47595\"\n                    id=\"post_title_47595\"\n                    type=\"text\"\n                    data-duplicate=\"\"\n                    data-required=\"yes\"\n                    data-type=\"text\" name=\"post_title\"\n                    placeholder=\"\"\n                    value=\"\"\n                    size=\"40\"\n                \/>\n\n                <span class=\"wpuf-wordlimit-message wpuf-help\"><\/span>\n                            <\/div>\n                    <\/li>\n        \n            <li class=\"wpuf-el featured_image field-size-small\" data-label=\"Resim Y\u00fckle\">\n\n                    <div class=\"wpuf-label\">\n            <label for=\"featured_image_47595\">Resim Y\u00fckle <span class=\"required\">*<\/span><\/label>\n        <\/div>\n        \n        <div class=\"wpuf-fields\">\n            <div id=\"wpuf-featured_image-47595-upload-container\">\n                <div class=\"wpuf-attachment-upload-filelist\" data-type=\"file\" data-required=\"yes\">\n                    <a id=\"wpuf-featured_image-47595-pickfiles\" data-form_id=\"47595\" class=\"button file-selector  wpuf_featured_image_47595\" href=\"#\">Resim Y\u00fckle<\/a>\n\n                    <ul class=\"wpuf-attachment-list thumbnails\">\n\n                        \n                    <\/ul>\n                <\/div>\n            <\/div><!-- .container -->\n\n                    <span class=\"wpuf-help\">Resim Y\u00fcklenene Kadar Bekleyiniz!<\/span>\n        \n        <\/div> <!-- .wpuf-fields -->\n\n        <script type=\"text\/javascript\">\n            ;(function($) {\n                $(document).ready( function(){\n                    var uploader = new WPUF_Uploader('wpuf-featured_image-47595-pickfiles', 'wpuf-featured_image-47595-upload-container', 1, 'featured_image', 'jpg,jpeg,gif,png,bmp', 1024);\n                    wpuf_plupload_items.push(uploader);\n                });\n            })(jQuery);\n        <\/script>\n\n                <\/li>\n                    <li class=\"wpuf-el post_content field-size-large\" data-label=\"Firma Tan\u0131t\u0131m\u0131\">\n                    <div class=\"wpuf-label\">\n            <label for=\"post_content_47595\">Firma Tan\u0131t\u0131m\u0131 <span class=\"required\">*<\/span><\/label>\n        <\/div>\n        \n                            <div class=\"wpuf-fields wpuf-rich-validation wpuf_post_content_47595\" data-type=\"rich\" data-required=\"yes\" data-id=\"post_content_47595\" data-name=\"post_content\">\n            \n                <div id=\"wp-post_content_47595-wrap\" class=\"wp-core-ui wp-editor-wrap tmce-active\"><link rel='stylesheet' id='dashicons-css' href='https:\/\/corludahaber.com\/h\/wp-includes\/css\/dashicons.min.css?ver=6.9.4' type='text\/css' media='all' \/>\n<link rel='stylesheet' id='editor-buttons-css' href='https:\/\/corludahaber.com\/h\/wp-includes\/css\/editor.min.css?ver=6.9.4' type='text\/css' media='all' \/>\n<div id=\"wp-post_content_47595-editor-container\" class=\"wp-editor-container\"><textarea class=\"required wp-editor-area\" rows=\"20\" autocomplete=\"off\" cols=\"40\" name=\"post_content\" id=\"post_content_47595\"><\/textarea><\/div>\n<\/div>\n\n\n                <\/li>\n        \n            <li class=\"wpuf-el email_address field-size-large\" data-label=\"E-posta Adresi \">\n\n                    <div class=\"wpuf-label\">\n            <label for=\"email_address_47595\">E-posta Adresi  <span class=\"required\">*<\/span><\/label>\n        <\/div>\n        \n            <div class=\"wpuf-fields\">\n                <input\n                    id=\"email_address_47595\"\n                    type=\"email\"\n                    class=\"email  wpuf_email_address_47595\"\n                    data-duplicate=\"no\"\n                    data-required=\"yes\"\n                    data-type=\"email\"\n                    name=\"email_address\"\n                    placeholder=\"\"\n                    value=\"\"\n                    size=\"40\"\n                    autocomplete=\"email\"\n                \/>\n                            <\/div>\n\n                <\/li>\n            \n            <li class=\"wpuf-el web_url_ field-size-large\" data-label=\"Web URL \">\n\n                    <div class=\"wpuf-label\">\n            <label for=\"web_url__47595\">Web URL  <span class=\"required\">*<\/span><\/label>\n        <\/div>\n        \n            <div class=\"wpuf-fields\">\n                <input\n                    class=\"textfield wpuf_web_url__47595\"\n                    id=\"web_url__47595\"\n                    type=\"text\"\n                    data-required=\"yes\"\n                    data-type=\"text\" name=\"web_url_\"\n                    placeholder=\"\"\n                    value=\"\"\n                    size=\"40\"\n                \/>\n\n                <span class=\"wpuf-wordlimit-message wpuf-help\"><\/span>\n                            <\/div>\n\n            \n        <\/li>\n\n                <\/li>\n            \n            <li class=\"wpuf-el gsm field-size-large\" data-label=\"Gsm\">\n\n                    <div class=\"wpuf-label\">\n            <label for=\"gsm_47595\">Gsm <span class=\"required\">*<\/span><\/label>\n        <\/div>\n        \n            <div class=\"wpuf-fields\">\n                <input\n                    class=\"textfield wpuf_gsm_47595\"\n                    id=\"gsm_47595\"\n                    type=\"text\"\n                    data-required=\"yes\"\n                    data-type=\"text\" name=\"gsm\"\n                    placeholder=\"\"\n                    value=\"\"\n                    size=\"40\"\n                \/>\n\n                <span class=\"wpuf-wordlimit-message wpuf-help\"><\/span>\n                            <\/div>\n\n            \n        <\/li>\n\n                <\/li>\n            \n            <li class=\"wpuf-el adres  field-size-large\" data-label=\"Adres\">\n\n                    <div class=\"wpuf-label\">\n            <label for=\"adres _47595\">Adres <span class=\"required\">*<\/span><\/label>\n        <\/div>\n        \n            <div class=\"wpuf-fields\">\n                <input\n                    class=\"textfield wpuf_adres _47595\"\n                    id=\"adres _47595\"\n                    type=\"text\"\n                    data-required=\"yes\"\n                    data-type=\"text\" name=\"adres \"\n                    placeholder=\"\"\n                    value=\"\"\n                    size=\"40\"\n                \/>\n\n                <span class=\"wpuf-wordlimit-message wpuf-help\"><\/span>\n                            <\/div>\n\n            \n        <\/li>\n\n                <\/li>\n            \n        <li class=\"wpuf-submit\">\n            <div class=\"wpuf-label\">\n                &nbsp;\n            <\/div>\n\n            <input type=\"hidden\" id=\"_wpnonce\" name=\"_wpnonce\" value=\"a3a56aa4ad\" \/><input type=\"hidden\" name=\"_wp_http_referer\" value=\"\/h\/wp-json\/wp\/v2\/pages\/47606\" \/>            <input type=\"hidden\" name=\"form_id\" value=\"47595\">\n            <input type=\"hidden\" name=\"page_id\" value=\"47606\">\n            <input type=\"hidden\" id=\"del_attach\" name=\"delete_attachments[]\">\n            <input type=\"hidden\" name=\"action\" value=\"wpuf_submit_post\">\n\n            \n                            <input type=\"submit\" class=\"wpuf-submit-button wpuf_submit_47595\" name=\"submit\" value=\"Firmay\u0131 Kaydet \" \/>\n            \n                    <\/li>\n\n        \n                    <\/ul>\n\n                <\/form>\n\n                \n<p>&nbsp;<\/p>\n<div class=\"corlu-icerikten-sonra_3\" id=\"corlu-3839967737\"><p><img loading=\"lazy\" decoding=\"async\" class=\"aligncenter\" src=\"https:\/\/www.corludahaber.com\/bahcesehir.jpg\" alt=\"\" width=\"624\" height=\"196\" \/><\/p>\n<table style=\"text-align: left; width: 100%;\" border=\"1\" cellspacing=\"2\" cellpadding=\"2\">\n<tbody>\n<tr>\n<td style=\"background-color: #050805;\"><span style=\"font-size: 12pt;\"><small><small><em><strong><big><span style=\"color: #ff0000;\">Haber ve resimlerin telif haklar\u0131ndan dolay\u0131 kullan\u0131m\u0131 yasakt\u0131r<span style=\"color: #000000;\">.<\/span><\/span><span style=\"color: #000000;\">\u00a0<\/span><span style=\"color: #ffffff;\">Yaz\u0131l\u0131 izni al\u0131nmadan hi\u00e7bir yaz\u0131l\u0131, g\u00f6rsel, i\u015fitsel i\u00e7erik kopyalanamaz, de\u011fi\u015ftirilemez, yay\u0131nlanamaz veya sat\u0131lamaz. Aksi halde<\/span>\u00a0<span style=\"color: #ff0000;\">5846<span style=\"color: #ffffff;\">\u00a0<\/span><\/span><span style=\"color: #ffffff;\">say\u0131l\u0131 Fikir ve Sanat Eserleri Kanunu\u2019na ve<\/span>\u00a0<span style=\"color: #800000;\"><span style=\"color: #ff0000;\">6102<\/span><span style=\"color: #ffffff;\">\u00a0<\/span><\/span><span style=\"color: #ffffff;\">say\u0131l\u0131 maddesine g\u00f6re<\/span>\u00a0<span style=\"color: #ff0000;\">gerekli i\u015flemler uygulanacakt\u0131r.<\/span><br \/>\n<span style=\"color: #ffffff;\">\u00a9 Copyright 2014<\/span><\/big><\/strong><\/em><\/small><\/small><\/span><\/td>\n<\/tr>\n<\/tbody>\n<\/table>\n<p><small><small>\u00a0<\/small><\/small><\/p>\n<\/div>","protected":false},"excerpt":{"rendered":"<p>&nbsp;<\/p>\n","protected":false},"author":151,"featured_media":0,"parent":0,"menu_order":0,"comment_status":"closed","ping_status":"closed","template":"","meta":{"footnotes":""},"class_list":["post-47606","page","type-page","status-publish","hentry"],"yoast_head":"<!-- This site is optimized with the Yoast SEO Premium plugin v23.3 (Yoast SEO v23.3) - https:\/\/yoast.com\/wordpress\/plugins\/seo\/ -->\n<title>Firma Ekle | \u00c7orlu&#039;da Haber<\/title>\n<meta name=\"robots\" content=\"index, follow, max-snippet:-1, max-image-preview:large, max-video-preview:-1\" \/>\n<link rel=\"canonical\" href=\"https:\/\/corludahaber.com\/h\/firma-ekle\" \/>\n<meta property=\"og:locale\" content=\"tr_TR\" \/>\n<meta property=\"og:type\" content=\"article\" \/>\n<meta property=\"og:title\" content=\"Firma Ekle\" \/>\n<meta property=\"og:description\" content=\"&nbsp;\" \/>\n<meta property=\"og:url\" content=\"https:\/\/corludahaber.com\/h\/firma-ekle\" \/>\n<meta property=\"og:site_name\" content=\"\u00c7orlu&#039;da Haber\" \/>\n<meta property=\"article:publisher\" content=\"https:\/\/facebook.com\/habercorluda\" \/>\n<meta property=\"article:modified_time\" content=\"2023-02-25T21:39:55+00:00\" \/>\n<meta name=\"twitter:card\" content=\"summary_large_image\" \/>\n<meta name=\"twitter:site\" content=\"@habercorluda\" \/>\n<meta name=\"twitter:label1\" content=\"Tahmini okuma s\u00fcresi\" \/>\n\t<meta name=\"twitter:data1\" content=\"1 dakika\" \/>\n<script type=\"application\/ld+json\" class=\"yoast-schema-graph\">{\"@context\":\"https:\/\/schema.org\",\"@graph\":[{\"@type\":\"WebPage\",\"@id\":\"https:\/\/corludahaber.com\/h\/firma-ekle\",\"url\":\"https:\/\/corludahaber.com\/h\/firma-ekle\",\"name\":\"Firma Ekle | \u00c7orlu&#039;da Haber\",\"isPartOf\":{\"@id\":\"https:\/\/corludahaber.com\/h\/#website\"},\"datePublished\":\"2023-01-08T14:51:01+00:00\",\"dateModified\":\"2023-02-25T21:39:55+00:00\",\"breadcrumb\":{\"@id\":\"https:\/\/corludahaber.com\/h\/firma-ekle#breadcrumb\"},\"inLanguage\":\"tr\",\"potentialAction\":[{\"@type\":\"ReadAction\",\"target\":[\"https:\/\/corludahaber.com\/h\/firma-ekle\"]}]},{\"@type\":\"BreadcrumbList\",\"@id\":\"https:\/\/corludahaber.com\/h\/firma-ekle#breadcrumb\",\"itemListElement\":[{\"@type\":\"ListItem\",\"position\":1,\"name\":\"Anasayfa\",\"item\":\"https:\/\/corludahaber.com\/h\/\"},{\"@type\":\"ListItem\",\"position\":2,\"name\":\"Firma Ekle\"}]},{\"@type\":\"WebSite\",\"@id\":\"https:\/\/corludahaber.com\/h\/#website\",\"url\":\"https:\/\/corludahaber.com\/h\/\",\"name\":\"\u00c7orlu'da Haber\",\"description\":\"Ger\u00e7ek Tarafs\u0131z Haber\",\"publisher\":{\"@id\":\"https:\/\/corludahaber.com\/h\/#organization\"},\"potentialAction\":[{\"@type\":\"SearchAction\",\"target\":{\"@type\":\"EntryPoint\",\"urlTemplate\":\"https:\/\/corludahaber.com\/h\/?s={search_term_string}\"},\"query-input\":\"required name=search_term_string\"}],\"inLanguage\":\"tr\"},{\"@type\":\"Organization\",\"@id\":\"https:\/\/corludahaber.com\/h\/#organization\",\"name\":\"\u00c7orlu'da Haber\",\"url\":\"https:\/\/corludahaber.com\/h\/\",\"logo\":{\"@type\":\"ImageObject\",\"inLanguage\":\"tr\",\"@id\":\"https:\/\/corludahaber.com\/h\/#\/schema\/logo\/image\/\",\"url\":\"https:\/\/corludahaber.com\/h\/wp-content\/uploads\/2021\/12\/logo__9__1_-removebg-preview.png\",\"contentUrl\":\"https:\/\/corludahaber.com\/h\/wp-content\/uploads\/2021\/12\/logo__9__1_-removebg-preview.png\",\"width\":500,\"height\":157,\"caption\":\"\u00c7orlu'da Haber\"},\"image\":{\"@id\":\"https:\/\/corludahaber.com\/h\/#\/schema\/logo\/image\/\"},\"sameAs\":[\"https:\/\/facebook.com\/habercorluda\",\"https:\/\/x.com\/habercorluda\",\"https:\/\/www.instagram.com\/corludahaber\",\"https:\/\/www.youtube.com\/user\/corludahaber\"]}]}<\/script>\n<!-- \/ Yoast SEO Premium plugin. -->","yoast_head_json":{"title":"Firma Ekle | \u00c7orlu&#039;da Haber","robots":{"index":"index","follow":"follow","max-snippet":"max-snippet:-1","max-image-preview":"max-image-preview:large","max-video-preview":"max-video-preview:-1"},"canonical":"https:\/\/corludahaber.com\/h\/firma-ekle","og_locale":"tr_TR","og_type":"article","og_title":"Firma Ekle","og_description":"&nbsp;","og_url":"https:\/\/corludahaber.com\/h\/firma-ekle","og_site_name":"\u00c7orlu&#039;da Haber","article_publisher":"https:\/\/facebook.com\/habercorluda","article_modified_time":"2023-02-25T21:39:55+00:00","twitter_card":"summary_large_image","twitter_site":"@habercorluda","twitter_misc":{"Tahmini okuma s\u00fcresi":"1 dakika"},"schema":{"@context":"https:\/\/schema.org","@graph":[{"@type":"WebPage","@id":"https:\/\/corludahaber.com\/h\/firma-ekle","url":"https:\/\/corludahaber.com\/h\/firma-ekle","name":"Firma Ekle | \u00c7orlu&#039;da Haber","isPartOf":{"@id":"https:\/\/corludahaber.com\/h\/#website"},"datePublished":"2023-01-08T14:51:01+00:00","dateModified":"2023-02-25T21:39:55+00:00","breadcrumb":{"@id":"https:\/\/corludahaber.com\/h\/firma-ekle#breadcrumb"},"inLanguage":"tr","potentialAction":[{"@type":"ReadAction","target":["https:\/\/corludahaber.com\/h\/firma-ekle"]}]},{"@type":"BreadcrumbList","@id":"https:\/\/corludahaber.com\/h\/firma-ekle#breadcrumb","itemListElement":[{"@type":"ListItem","position":1,"name":"Anasayfa","item":"https:\/\/corludahaber.com\/h\/"},{"@type":"ListItem","position":2,"name":"Firma Ekle"}]},{"@type":"WebSite","@id":"https:\/\/corludahaber.com\/h\/#website","url":"https:\/\/corludahaber.com\/h\/","name":"\u00c7orlu'da Haber","description":"Ger\u00e7ek Tarafs\u0131z Haber","publisher":{"@id":"https:\/\/corludahaber.com\/h\/#organization"},"potentialAction":[{"@type":"SearchAction","target":{"@type":"EntryPoint","urlTemplate":"https:\/\/corludahaber.com\/h\/?s={search_term_string}"},"query-input":"required name=search_term_string"}],"inLanguage":"tr"},{"@type":"Organization","@id":"https:\/\/corludahaber.com\/h\/#organization","name":"\u00c7orlu'da Haber","url":"https:\/\/corludahaber.com\/h\/","logo":{"@type":"ImageObject","inLanguage":"tr","@id":"https:\/\/corludahaber.com\/h\/#\/schema\/logo\/image\/","url":"https:\/\/corludahaber.com\/h\/wp-content\/uploads\/2021\/12\/logo__9__1_-removebg-preview.png","contentUrl":"https:\/\/corludahaber.com\/h\/wp-content\/uploads\/2021\/12\/logo__9__1_-removebg-preview.png","width":500,"height":157,"caption":"\u00c7orlu'da Haber"},"image":{"@id":"https:\/\/corludahaber.com\/h\/#\/schema\/logo\/image\/"},"sameAs":["https:\/\/facebook.com\/habercorluda","https:\/\/x.com\/habercorluda","https:\/\/www.instagram.com\/corludahaber","https:\/\/www.youtube.com\/user\/corludahaber"]}]}},"_links":{"self":[{"href":"https:\/\/corludahaber.com\/h\/wp-json\/wp\/v2\/pages\/47606","targetHints":{"allow":["GET"]}}],"collection":[{"href":"https:\/\/corludahaber.com\/h\/wp-json\/wp\/v2\/pages"}],"about":[{"href":"https:\/\/corludahaber.com\/h\/wp-json\/wp\/v2\/types\/page"}],"author":[{"embeddable":true,"href":"https:\/\/corludahaber.com\/h\/wp-json\/wp\/v2\/users\/151"}],"replies":[{"embeddable":true,"href":"https:\/\/corludahaber.com\/h\/wp-json\/wp\/v2\/comments?post=47606"}],"version-history":[{"count":0,"href":"https:\/\/corludahaber.com\/h\/wp-json\/wp\/v2\/pages\/47606\/revisions"}],"wp:attachment":[{"href":"https:\/\/corludahaber.com\/h\/wp-json\/wp\/v2\/media?parent=47606"}],"curies":[{"name":"wp","href":"https:\/\/api.w.org\/{rel}","templated":true}]}}