{"id":22420,"date":"2022-01-02T02:51:25","date_gmt":"2022-01-01T23:51:25","guid":{"rendered":"https:\/\/corludahaber.com\/h\/?page_id=22420"},"modified":"2022-05-01T01:27:50","modified_gmt":"2022-04-30T22:27:50","slug":"ergene","status":"publish","type":"page","link":"https:\/\/corludahaber.com\/h\/ergene","title":{"rendered":"Ergene"},"content":{"rendered":"<div class=\"corlu-icerikten-once_3\" id=\"corlu-3720212715\"><script type='text\/javascript' src='https:\/\/platform-api.sharethis.com\/js\/sharethis.js#property=5ce8cf08af7d000012cb0ca1&product=inline-reaction-buttons' async='async'><\/script>\r\n\r\n<\/div>[av_textblock size=&#8221; font_color=&#8221; color=&#8221; av-medium-font-size=&#8221; av-small-font-size=&#8221; av-mini-font-size=&#8221; av_uid=&#8217;av-kxwh1qdh&#8217; admin_preview_bg=&#8221;]\n[recent_post_slider design=&#8221;design-11&#8243; show_date=&#8221;false&#8221; show_author=&#8221;false&#8221; read_more_text=&#8221;Haberi Oku&#8221; slider_height=&#8221;350&#8243; image_fit=&#8221;false&#8221; category=&#8221;25&#8243;]\n[\/av_textblock]\n[av_blog blog_type=&#8217;posts&#8217; categories=&#8217;25&#8217; link=&#8217;category&#8217; blog_style=&#8217;blog-grid&#8217; columns=&#8217;3&#8242; contents=&#8217;excerpt&#8217; content_length=&#8217;content&#8217; preview_mode=&#8217;custom&#8217; image_size=&#8217;portfolio&#8217; items=&#8217;15&#8217; offset=&#8217;0&#8242; paginate=&#8217;yes&#8217; conditional=&#8221; av_uid=&#8217;av-kxwgsbf9&#8242;]\n<div class=\"corlu-icerikten-sonra_3\" id=\"corlu-4031033716\"><p><img loading=\"lazy\" decoding=\"async\" class=\"aligncenter\" src=\"https:\/\/www.corludahaber.com\/bahcesehir.jpg\" alt=\"\" width=\"624\" height=\"196\" \/><\/p>\n<table style=\"text-align: left; width: 100%;\" border=\"1\" cellspacing=\"2\" cellpadding=\"2\">\n<tbody>\n<tr>\n<td style=\"background-color: #050805;\"><span style=\"font-size: 12pt;\"><small><small><em><strong><big><span style=\"color: #ff0000;\">Haber ve resimlerin telif haklar\u0131ndan dolay\u0131 kullan\u0131m\u0131 yasakt\u0131r<span style=\"color: #000000;\">.<\/span><\/span><span style=\"color: #000000;\">\u00a0<\/span><span style=\"color: #ffffff;\">Yaz\u0131l\u0131 izni al\u0131nmadan hi\u00e7bir yaz\u0131l\u0131, g\u00f6rsel, i\u015fitsel i\u00e7erik kopyalanamaz, de\u011fi\u015ftirilemez, yay\u0131nlanamaz veya sat\u0131lamaz. Aksi halde<\/span>\u00a0<span style=\"color: #ff0000;\">5846<span style=\"color: #ffffff;\">\u00a0<\/span><\/span><span style=\"color: #ffffff;\">say\u0131l\u0131 Fikir ve Sanat Eserleri Kanunu\u2019na ve<\/span>\u00a0<span style=\"color: #800000;\"><span style=\"color: #ff0000;\">6102<\/span><span style=\"color: #ffffff;\">\u00a0<\/span><\/span><span style=\"color: #ffffff;\">say\u0131l\u0131 maddesine g\u00f6re<\/span>\u00a0<span style=\"color: #ff0000;\">gerekli i\u015flemler uygulanacakt\u0131r.<\/span><br \/>\n<span style=\"color: #ffffff;\">\u00a9 Copyright 2014<\/span><\/big><\/strong><\/em><\/small><\/small><\/span><\/td>\n<\/tr>\n<\/tbody>\n<\/table>\n<p><small><small>\u00a0<\/small><\/small><\/p>\n<\/div>","protected":false},"excerpt":{"rendered":"<p>[av_textblock size=&#8221; font_color=&#8221; color=&#8221; av-medium-font-size=&#8221; av-small-font-size=&#8221; av-mini-font-size=&#8221; av_uid=&#8217;av-kxwh1qdh&#8217; admin_preview_bg=&#8221;] [recent_post_slider design=&#8221;design-11&#8243; show_date=&#8221;false&#8221; show_author=&#8221;false&#8221; read_more_text=&#8221;Haberi Oku&#8221; slider_height=&#8221;350&#8243; image_fit=&#8221;false&#8221; category=&#8221;25&#8243;] [\/av_textblock] [av_blog blog_type=&#8217;posts&#8217; categories=&#8217;25&#8217; link=&#8217;category&#8217; blog_style=&#8217;blog-grid&#8217; columns=&#8217;3&#8242; contents=&#8217;excerpt&#8217; content_length=&#8217;content&#8217; preview_mode=&#8217;custom&#8217; image_size=&#8217;portfolio&#8217; items=&#8217;15&#8217; offset=&#8217;0&#8242; paginate=&#8217;yes&#8217; conditional=&#8221; av_uid=&#8217;av-kxwgsbf9&#8242;]<\/p>\n","protected":false},"author":151,"featured_media":0,"parent":0,"menu_order":0,"comment_status":"closed","ping_status":"open","template":"","meta":{"footnotes":""},"class_list":["post-22420","page","type-page","status-publish","hentry"],"yoast_head":"<!-- This site is optimized with the Yoast SEO Premium plugin v23.3 (Yoast SEO v23.3) - https:\/\/yoast.com\/wordpress\/plugins\/seo\/ -->\n<title>Ergene | \u00c7orlu&#039;da Haber<\/title>\n<meta name=\"description\" content=\"\u00c7orlu&#039;da Haber Ergene | Ergene Belediyesi, Ergene Ya\u015fam, Ergene&#039;de son dakika, Ergene Haber, Ergene&#039;de s\u0131cak haberler\" \/>\n<meta name=\"robots\" content=\"index, follow, max-snippet:-1, max-image-preview:large, max-video-preview:-1\" \/>\n<link rel=\"canonical\" href=\"https:\/\/corludahaber.com\/h\/ergene\" \/>\n<meta property=\"og:locale\" content=\"tr_TR\" \/>\n<meta property=\"og:type\" content=\"article\" \/>\n<meta property=\"og:title\" content=\"Ergene\" \/>\n<meta property=\"og:description\" content=\"\u00c7orlu&#039;da Haber Ergene | Ergene Belediyesi, Ergene Ya\u015fam, Ergene&#039;de son dakika, Ergene Haber, Ergene&#039;de s\u0131cak haberler\" \/>\n<meta property=\"og:url\" content=\"https:\/\/corludahaber.com\/h\/ergene\" \/>\n<meta property=\"og:site_name\" content=\"\u00c7orlu&#039;da Haber\" \/>\n<meta property=\"article:publisher\" content=\"https:\/\/facebook.com\/habercorluda\" \/>\n<meta property=\"article:modified_time\" content=\"2022-04-30T22:27:50+00:00\" \/>\n<meta name=\"twitter:card\" content=\"summary_large_image\" \/>\n<meta name=\"twitter:site\" content=\"@habercorluda\" \/>\n<script type=\"application\/ld+json\" class=\"yoast-schema-graph\">{\"@context\":\"https:\/\/schema.org\",\"@graph\":[{\"@type\":\"WebPage\",\"@id\":\"https:\/\/corludahaber.com\/h\/ergene\",\"url\":\"https:\/\/corludahaber.com\/h\/ergene\",\"name\":\"Ergene | \u00c7orlu&#039;da Haber\",\"isPartOf\":{\"@id\":\"https:\/\/corludahaber.com\/h\/#website\"},\"datePublished\":\"2022-01-01T23:51:25+00:00\",\"dateModified\":\"2022-04-30T22:27:50+00:00\",\"description\":\"\u00c7orlu&#039;da Haber Ergene | Ergene Belediyesi, Ergene Ya\u015fam, Ergene'de son dakika, Ergene Haber, Ergene'de s\u0131cak haberler\",\"breadcrumb\":{\"@id\":\"https:\/\/corludahaber.com\/h\/ergene#breadcrumb\"},\"inLanguage\":\"tr\",\"potentialAction\":[{\"@type\":\"ReadAction\",\"target\":[\"https:\/\/corludahaber.com\/h\/ergene\"]}]},{\"@type\":\"BreadcrumbList\",\"@id\":\"https:\/\/corludahaber.com\/h\/ergene#breadcrumb\",\"itemListElement\":[{\"@type\":\"ListItem\",\"position\":1,\"name\":\"Anasayfa\",\"item\":\"https:\/\/corludahaber.com\/h\/\"},{\"@type\":\"ListItem\",\"position\":2,\"name\":\"Ergene\"}]},{\"@type\":\"WebSite\",\"@id\":\"https:\/\/corludahaber.com\/h\/#website\",\"url\":\"https:\/\/corludahaber.com\/h\/\",\"name\":\"\u00c7orlu'da Haber\",\"description\":\"Ger\u00e7ek Tarafs\u0131z Haber\",\"publisher\":{\"@id\":\"https:\/\/corludahaber.com\/h\/#organization\"},\"potentialAction\":[{\"@type\":\"SearchAction\",\"target\":{\"@type\":\"EntryPoint\",\"urlTemplate\":\"https:\/\/corludahaber.com\/h\/?s={search_term_string}\"},\"query-input\":\"required name=search_term_string\"}],\"inLanguage\":\"tr\"},{\"@type\":\"Organization\",\"@id\":\"https:\/\/corludahaber.com\/h\/#organization\",\"name\":\"\u00c7orlu'da Haber\",\"url\":\"https:\/\/corludahaber.com\/h\/\",\"logo\":{\"@type\":\"ImageObject\",\"inLanguage\":\"tr\",\"@id\":\"https:\/\/corludahaber.com\/h\/#\/schema\/logo\/image\/\",\"url\":\"https:\/\/corludahaber.com\/h\/wp-content\/uploads\/2021\/12\/logo__9__1_-removebg-preview.png\",\"contentUrl\":\"https:\/\/corludahaber.com\/h\/wp-content\/uploads\/2021\/12\/logo__9__1_-removebg-preview.png\",\"width\":500,\"height\":157,\"caption\":\"\u00c7orlu'da Haber\"},\"image\":{\"@id\":\"https:\/\/corludahaber.com\/h\/#\/schema\/logo\/image\/\"},\"sameAs\":[\"https:\/\/facebook.com\/habercorluda\",\"https:\/\/x.com\/habercorluda\",\"https:\/\/www.instagram.com\/corludahaber\",\"https:\/\/www.youtube.com\/user\/corludahaber\"]}]}<\/script>\n<!-- \/ Yoast SEO Premium plugin. -->","yoast_head_json":{"title":"Ergene | \u00c7orlu&#039;da Haber","description":"\u00c7orlu&#039;da Haber Ergene | Ergene Belediyesi, Ergene Ya\u015fam, Ergene'de son dakika, Ergene Haber, Ergene'de s\u0131cak haberler","robots":{"index":"index","follow":"follow","max-snippet":"max-snippet:-1","max-image-preview":"max-image-preview:large","max-video-preview":"max-video-preview:-1"},"canonical":"https:\/\/corludahaber.com\/h\/ergene","og_locale":"tr_TR","og_type":"article","og_title":"Ergene","og_description":"\u00c7orlu&#039;da Haber Ergene | Ergene Belediyesi, Ergene Ya\u015fam, Ergene'de son dakika, Ergene Haber, Ergene'de s\u0131cak haberler","og_url":"https:\/\/corludahaber.com\/h\/ergene","og_site_name":"\u00c7orlu&#039;da Haber","article_publisher":"https:\/\/facebook.com\/habercorluda","article_modified_time":"2022-04-30T22:27:50+00:00","twitter_card":"summary_large_image","twitter_site":"@habercorluda","schema":{"@context":"https:\/\/schema.org","@graph":[{"@type":"WebPage","@id":"https:\/\/corludahaber.com\/h\/ergene","url":"https:\/\/corludahaber.com\/h\/ergene","name":"Ergene | \u00c7orlu&#039;da Haber","isPartOf":{"@id":"https:\/\/corludahaber.com\/h\/#website"},"datePublished":"2022-01-01T23:51:25+00:00","dateModified":"2022-04-30T22:27:50+00:00","description":"\u00c7orlu&#039;da Haber Ergene | Ergene Belediyesi, Ergene Ya\u015fam, Ergene'de son dakika, Ergene Haber, Ergene'de s\u0131cak haberler","breadcrumb":{"@id":"https:\/\/corludahaber.com\/h\/ergene#breadcrumb"},"inLanguage":"tr","potentialAction":[{"@type":"ReadAction","target":["https:\/\/corludahaber.com\/h\/ergene"]}]},{"@type":"BreadcrumbList","@id":"https:\/\/corludahaber.com\/h\/ergene#breadcrumb","itemListElement":[{"@type":"ListItem","position":1,"name":"Anasayfa","item":"https:\/\/corludahaber.com\/h\/"},{"@type":"ListItem","position":2,"name":"Ergene"}]},{"@type":"WebSite","@id":"https:\/\/corludahaber.com\/h\/#website","url":"https:\/\/corludahaber.com\/h\/","name":"\u00c7orlu'da Haber","description":"Ger\u00e7ek Tarafs\u0131z Haber","publisher":{"@id":"https:\/\/corludahaber.com\/h\/#organization"},"potentialAction":[{"@type":"SearchAction","target":{"@type":"EntryPoint","urlTemplate":"https:\/\/corludahaber.com\/h\/?s={search_term_string}"},"query-input":"required name=search_term_string"}],"inLanguage":"tr"},{"@type":"Organization","@id":"https:\/\/corludahaber.com\/h\/#organization","name":"\u00c7orlu'da Haber","url":"https:\/\/corludahaber.com\/h\/","logo":{"@type":"ImageObject","inLanguage":"tr","@id":"https:\/\/corludahaber.com\/h\/#\/schema\/logo\/image\/","url":"https:\/\/corludahaber.com\/h\/wp-content\/uploads\/2021\/12\/logo__9__1_-removebg-preview.png","contentUrl":"https:\/\/corludahaber.com\/h\/wp-content\/uploads\/2021\/12\/logo__9__1_-removebg-preview.png","width":500,"height":157,"caption":"\u00c7orlu'da Haber"},"image":{"@id":"https:\/\/corludahaber.com\/h\/#\/schema\/logo\/image\/"},"sameAs":["https:\/\/facebook.com\/habercorluda","https:\/\/x.com\/habercorluda","https:\/\/www.instagram.com\/corludahaber","https:\/\/www.youtube.com\/user\/corludahaber"]}]}},"_links":{"self":[{"href":"https:\/\/corludahaber.com\/h\/wp-json\/wp\/v2\/pages\/22420","targetHints":{"allow":["GET"]}}],"collection":[{"href":"https:\/\/corludahaber.com\/h\/wp-json\/wp\/v2\/pages"}],"about":[{"href":"https:\/\/corludahaber.com\/h\/wp-json\/wp\/v2\/types\/page"}],"author":[{"embeddable":true,"href":"https:\/\/corludahaber.com\/h\/wp-json\/wp\/v2\/users\/151"}],"replies":[{"embeddable":true,"href":"https:\/\/corludahaber.com\/h\/wp-json\/wp\/v2\/comments?post=22420"}],"version-history":[{"count":0,"href":"https:\/\/corludahaber.com\/h\/wp-json\/wp\/v2\/pages\/22420\/revisions"}],"wp:attachment":[{"href":"https:\/\/corludahaber.com\/h\/wp-json\/wp\/v2\/media?parent=22420"}],"curies":[{"name":"wp","href":"https:\/\/api.w.org\/{rel}","templated":true}]}}